?
111
Suppose 7882 = -9*r - 1514. Let n be r/(-9) - 2*1. What is the highest common divisor of 6 and n?
6
Let h = -2432 - -2436. What is the greatest common factor of h and 104?
4
Let k(t) = -4*t - 99. Let u be k(37). Let x = 263 + u. What is the highest common factor of x and 80?
16
Suppose -2*f + 4*j = -4480, -2*f + 70*j + 4466 = 73*j. Suppose 5*p + 3*x - 351 = f, -2*p = 5*x - 1031. What is the highest common divisor of 14 and p?
14
Let w be (10 + -9)/(7/22 - (-18)/99). Let y be (1*2)/(13/2 - 6). What is the greatest common divisor of w and y?
2
Let z = -39 + 42. Suppose 9*d = z*d. Suppose -2*w + 330 + 80 = d. What is the greatest common divisor of w and 82?
41
Suppose -2*i - 4*x + 9 = -x, 5*x = 3*i - 42. Suppose 0 = -i*v + 189 + 162. Let o = -9 + 22. What is the greatest common factor of v and o?
13
Let y = -29 + 44. Suppose -2*t = -t - 5, -t + y = -5*v. Let p be (-5)/v*12/5. Calculate the greatest common divisor of 15 and p.
3
Let a(y) = -89*y**2 - 627*y - 18. Let x be a(-7). Suppose -c + 3*c - 240 = 0. What is the highest common factor of x and c?
10
Suppose -y - 42 = -207. Let o = -231 - -231. Suppose t = -5*n + 71, -5*t = -2*n - o*t + 50. What is the highest common factor of n and y?
15
Suppose -h + 1191 - 1102 = 4*o, 2*h = -4*o + 170. What is the greatest common divisor of h and 1107?
27
Let m = 51 - 67. Let b be (-15)/(-10)*m/(-3). Suppose 36*n - 37*n + 128 = 0. What is the greatest common divisor of b and n?
8
Let f be 6 + ((-12)/2)/6. Let r be 40/(-3)*(-2 + f)*-1. Let z be (-3 - 7)*1/(-2). Calculate the greatest common divisor of r and z.
5
Let u = -1736 + 1087. Let k = -608 - u. Calculate the highest common divisor of k and 697.
41
Suppose -4708 = -8*g + 1780. Suppose -41*z + g = -419. Calculate the greatest common divisor of 210 and z.
30
Let z(h) = h**2 + 3. Let s = -6 + 3. Let f be z(s). Let i(j) = -4*j**2 + 179*j + 8988. Let a be i(-30). What is the highest common divisor of f and a?
6
Let y(i) = -3*i**2 + 2*i + 7. Let v be y(7). Let w = 18 - v. Let d be 2*(2 - -16)*3/6. What is the greatest common factor of d and w?
18
Let o(b) = -30*b**2 + 45*b**2 + 3 - 3*b + 157*b**3 - 17*b**2. Let p be o(1). What is the greatest common divisor of 31 and p?
31
Let k(u) = -u**3 + 23*u**2 - 38*u + 42. Let h be k(17). What is the highest common divisor of 60 and h?
10
Let a be (16 - 0) + 3698 + -172. What is the highest common factor of a and 28?
14
Let a(o) = -3*o + 21. Let w be a(6). Suppose -2*k + 4*k = -w*v + 761, -2*k + 2 = 0. What is the highest common factor of 11 and v?
11
Let y = -245 - -345. Let j = -29 + y. Suppose 7*n - 533 = -j. Calculate the highest common factor of n and 6.
6
Let z(t) = -5933*t - 208. Let m be z(-2). What is the highest common factor of m and 29?
29
Let c(b) = 93*b**3 - b**2 + b. Let g be c(1). Suppose -9 + g = 4*m. Let a = -18 + m. Calculate the highest common divisor of 27 and a.
3
Let h be -12*(16302/(-153) + 775/(-85) + 9). Calculate the highest common factor of 50 and h.
10
Let n be ((-6)/(-132)*11)/(309/102 + -3). Let q(h) = h**2 + 9*h + 4. Let m be q(-9). Let s be -2*17/m*-2. What is the highest common factor of n and s?
17
Let p be (114 + -41)/(1/4). Let s = 446 - p. Suppose -3*o + 68 = -j, 0 = -o - 2*o + 3*j + 72. What is the greatest common divisor of o and s?
22
Let r = 509 + -716. Let m = r - -312. Calculate the greatest common factor of 75 and m.
15
Suppose -27*i - 1 = -28*i. Let r be (95/(-20))/(i/(-28)). Calculate the highest common divisor of r and 7.
7
Let r(x) = -2*x**3 + 15*x**2 + 2*x. Suppose 2 = 3*h - 19. Let s be r(h). Calculate the highest common factor of s and 14.
7
Let f be (12/8)/((-17)/102) + 57. Calculate the greatest common divisor of 14576 and f.
16
Suppose 5*g - 177 + 932 = 0. Let w = g - -301. Suppose -5*n + 10 = -65. Calculate the highest common factor of n and w.
15
Suppose 5*i + 78*w - 4991 = 82*w, -1 = -w. Calculate the greatest common factor of i and 37.
37
Let s be 80/(-50)*10/(-4). Suppose 2*h + 3*k = 44, s*h = -0*k + 3*k + 70. Let g = h - -21. What is the greatest common divisor of 8 and g?
8
Suppose 0*c = 2*c + 5*z - 570, z + 804 = 3*c. Let s = -5 - -2. Let x be (-92)/s - (-6)/(-9). What is the greatest common factor of x and c?
30
Suppose 3*u + 2*q - 1 = 0, -3*u - 2*u + 1 = 3*q. Let g be u/(2/(-187)) - 9/(-6). What is the greatest common factor of g and 57?
19
Suppose -4*t = -3*d - 100, d - 35 - 25 = -2*t. What is the greatest common divisor of 136 and t?
4
Let l = 52 + -47. Suppose 4*g + h = -913, l*g - h - 2*h + 1154 = 0. Let d = 509 + g. What is the greatest common factor of 28 and d?
28
Let x(p) = -p**2 + 9*p + 12. Let t be x(9). Suppose -27*h - 22*h + 588 = 0. Calculate the greatest common factor of h and t.
12
Let t(j) = -j**3 - 22*j**2 - 118*j + 27. Let a be t(-12). What is the highest common factor of a and 1437?
3
Let x be (-14)/((-840)/36)*4/((-12)/(-2865)). Calculate the highest common factor of 9 and x.
3
Let j = 3 - 1. Suppose 2 = -j*m, i + 3*m = -0 - 1. Suppose -2797 = -3*v - 2785. What is the greatest common factor of i and v?
2
Let n = 299903 - 299889. Suppose -7 - 9 = -4*y. Suppose -y*p = -2*c + 48, 5*p - 118 = -4*c + 2*p. What is the highest common factor of c and n?
14
Let d be 55/(-44) - (4/2 + 193515/(-28)). What is the highest common factor of d and 22?
22
Let y(m) = -m**3 - m**2 + 3*m + 2. Let o be y(-2). Let r be 12 + o + -2 - 2. Let w = -1775 + 1863. Calculate the highest common divisor of r and w.
8
Suppose b + 204 = 2*j, 2*b + 3*b - 345 = -3*j. What is the greatest common divisor of j and 231?
21
Let v(w) = 3*w**2 + 182*w + 3445. Let a be v(-37). What is the greatest common divisor of a and 6?
2
Suppose 112*m + 102 = -110*m + 225*m. Calculate the greatest common factor of m and 4114.
34
Let g be (2 + (-15)/4)*(3/3 - 9). Calculate the highest common divisor of g and 994.
14
Let s be 33/11*(13/3 + -2). Suppose -s*i - 4*i = -429. Suppose 4*f - 29 - i = 0. Calculate the greatest common factor of f and 85.
17
Suppose q = -n + 14, -5*q = 4*n - 73 + 15. Suppose -574 = -3*u + 4*j, -j - 748 = -4*u - 0*j. Calculate the greatest common factor of n and u.
6
Suppose 23*v - 924 = 20*v. Let i = -5 - -5. Suppose i = -h - 4*b + 32, -2*b = -2*h - h + 82. What is the greatest common divisor of v and h?
28
Let k = -20 + 22. Suppose -2*t = -6, 7 = -k*s - t + 30. Calculate the greatest common factor of 35 and s.
5
Suppose -w - 2*h + 56 = 0, -5*w + 5*h = -977 + 892. Let d(y) = 12*y**2 - 2. Let u be d(-4). Calculate the greatest common divisor of u and w.
10
Let k(x) = 4*x - 4*x - 2*x - 2882753 + 2882751 + 9*x**2. Let j = -3 + 2. Let l be k(j). What is the highest common factor of 27 and l?
9
Let k(j) = j**2 - 2*j + 8. Let p be k(-8). Let g = -76 + p. Suppose -3*s - g = 0, -5*m - 34 = s - 155. What is the greatest common divisor of 5 and m?
5
Suppose -4*g + 60*u - 59*u + 1500 = 0, 2*u = 2*g - 750. Calculate the greatest common divisor of g and 3675.
75
Suppose -16*w + 1148 = -2*w. Let p = w - 65. What is the highest common factor of p and 17?
17
Suppose -2*v + 9088 = 4*s - 104, -9200 = -2*v + 4*s. What is the greatest common divisor of 38 and v?
38
Let n be 156/16 - ((-6)/12*3)/6. Calculate the greatest common factor of 2 and n.
2
Let o = -3462 + 3648. Suppose q = 2*n, 0*n = q + 2*n. Suppose 0 = 2*r + 4*p - 100, q = 3*r - 3*p - o - 9. Calculate the greatest common divisor of 15 and r.
15
Let a(y) = -3*y**3 + 5*y + 2*y**3 - 8*y**2 - y**3 + 6 + 0. Let l = 82 - 88. Let i be a(l). What is the highest common divisor of i and 80?
40
Let a be -14*(-1)/(-2) + 4 + 28. Suppose 20 + 8 = s - 2*u, -2*s = 4*u - 32. Let j = s - 12. Calculate the highest common divisor of j and a.
5
Suppose -46*n = 34643 - 102815. Calculate the highest common factor of 78 and n.
78
Let q = -27 - -41. Let n = q - -181. Let y = -262888 - -262966. What is the highest common factor of n and y?
39
Suppose -713883 = -45*k - 214*k + 258921. What is the highest common divisor of 36 and k?
12
Let w(i) be the first derivative of -3*i**2 - 7*i - 29. Let k be w(-3). Suppose k*x = -109 + 2650. What is the highest common factor of 21 and x?
21
Let p(m) = -m**2 - 16*m + 24. Let b be p(-16). Let u be ((-20)/(-16))/(3/b). Suppose -u*w + 17 = -263. What is the greatest common factor of 84 and w?
28
Let r(k) = k**